{"id":50,"date":"2025-11-01T17:25:53","date_gmt":"2025-11-01T16:25:53","guid":{"rendered":"https:\/\/daszka.ueb.pl\/?page_id=50"},"modified":"2025-11-01T20:39:58","modified_gmt":"2025-11-01T19:39:58","slug":"strona-glowna","status":"publish","type":"page","link":"https:\/\/daszka.ueb.pl\/","title":{"rendered":"Strona G\u0142\u00f3wna"},"content":{"rendered":"\n<div class=\"wp-block-group alignfull\"><div class=\"wp-block-group__inner-container is-layout-constrained wp-block-group-is-layout-constrained\">\n<div class=\"wp-block-cover alignfull\" style=\"min-height:744px;aspect-ratio:unset;\"><img loading=\"lazy\" decoding=\"async\" width=\"1920\" height=\"900\" class=\"wp-block-cover__image-background wp-image-58\" alt=\"\" src=\"https:\/\/daszka.ueb.pl\/wp-content\/uploads\/2025\/11\/Frame-18-1.png\" data-object-fit=\"cover\" srcset=\"https:\/\/daszka.ueb.pl\/wp-content\/uploads\/2025\/11\/Frame-18-1.png 1920w, https:\/\/daszka.ueb.pl\/wp-content\/uploads\/2025\/11\/Frame-18-1-300x141.png 300w, https:\/\/daszka.ueb.pl\/wp-content\/uploads\/2025\/11\/Frame-18-1-1024x480.png 1024w, https:\/\/daszka.ueb.pl\/wp-content\/uploads\/2025\/11\/Frame-18-1-768x360.png 768w, https:\/\/daszka.ueb.pl\/wp-content\/uploads\/2025\/11\/Frame-18-1-1536x720.png 1536w\" sizes=\"auto, (max-width: 1920px) 100vw, 1920px\" \/><span aria-hidden=\"true\" class=\"wp-block-cover__background has-background-dim\"><\/span><div class=\"wp-block-cover__inner-container is-layout-flow wp-block-cover-is-layout-flow\">\n<p class=\"has-text-align-center has-theme-palette-9-color has-text-color has-link-color wp-elements-09a4ae7d4890f9a80db222666d342529\" style=\"border-radius:0px;margin-top:0;margin-bottom:0;font-size:51px\"><strong>Escape Room Wiatraczna<\/strong><\/p>\n\n\n\n<p class=\"has-text-align-center\">Wejd\u017a do \u015bwiata pe\u0142nego tajemnic i wyzwa\u0144!<\/p>\n\n\n\n<div class=\"wp-block-group\"><div class=\"wp-block-group__inner-container is-layout-constrained wp-block-group-is-layout-constrained\">\n<div class=\"wp-block-columns is-layout-flex wp-container-core-columns-is-layout-9d6595d7 wp-block-columns-is-layout-flex\">\n<div class=\"wp-block-column is-layout-flow wp-block-column-is-layout-flow\" style=\"flex-basis:100%\">\n<div class=\"wp-block-buttons is-horizontal is-content-justification-center is-layout-flex wp-container-core-buttons-is-layout-8ca3ee99 wp-block-buttons-is-layout-flex\" style=\"border-style:none;border-width:0px;border-radius:0px;padding-right:0;padding-left:0\">\n<div class=\"wp-block-button\"><a class=\"wp-block-button__link has-theme-palette-9-color has-text-color has-background has-link-color wp-element-button\" style=\"border-style:none;border-width:0px;background-color:#bd0909\">Zarezerwowa\u0107 pok\u00f3j<\/a><\/div>\n<\/div>\n<\/div>\n<\/div>\n<\/div><\/div>\n\n\n\n<div style=\"height:100px\" aria-hidden=\"true\" class=\"wp-block-spacer\"><\/div>\n<\/div><\/div>\n\n\n\n<div class=\"wp-block-cover alignfull\"><img loading=\"lazy\" decoding=\"async\" width=\"1024\" height=\"480\" class=\"wp-block-cover__image-background wp-image-97\" alt=\"\" src=\"https:\/\/daszka.ueb.pl\/wp-content\/uploads\/2025\/11\/Frame-19-1024x480.png\" style=\"object-position:50% 47%\" data-object-fit=\"cover\" data-object-position=\"50% 47%\" srcset=\"https:\/\/daszka.ueb.pl\/wp-content\/uploads\/2025\/11\/Frame-19-1024x480.png 1024w, https:\/\/daszka.ueb.pl\/wp-content\/uploads\/2025\/11\/Frame-19-300x141.png 300w, https:\/\/daszka.ueb.pl\/wp-content\/uploads\/2025\/11\/Frame-19-768x360.png 768w, https:\/\/daszka.ueb.pl\/wp-content\/uploads\/2025\/11\/Frame-19.png 1920w\" sizes=\"auto, (max-width: 1024px) 100vw, 1024px\" \/><span aria-hidden=\"true\" class=\"wp-block-cover__background has-background-dim\"><\/span><div class=\"wp-block-cover__inner-container is-layout-flow wp-block-cover-is-layout-flow\">\n<p class=\"has-text-align-center has-large-font-size\"><strong>Nasze pokoje<\/strong><\/p>\n\n\n\n<div class=\"wp-block-columns is-layout-flex wp-container-core-columns-is-layout-a6a00e3e wp-block-columns-is-layout-flex\" style=\"margin-top:0;margin-bottom:0;padding-right:var(--wp--preset--spacing--80);padding-left:var(--wp--preset--spacing--80)\">\n<div class=\"wp-block-column has-small-font-size is-layout-flow wp-block-column-is-layout-flow\" style=\"padding-top:0;padding-bottom:0\"><div class=\"wp-block-image\">\n<figure class=\"aligncenter size-full is-resized\"><img loading=\"lazy\" decoding=\"async\" width=\"513\" height=\"746\" src=\"https:\/\/daszka.ueb.pl\/wp-content\/uploads\/2025\/11\/Frame-19-7.png\" alt=\"\" class=\"wp-image-134\" style=\"width:266px;height:auto\" srcset=\"https:\/\/daszka.ueb.pl\/wp-content\/uploads\/2025\/11\/Frame-19-7.png 513w, https:\/\/daszka.ueb.pl\/wp-content\/uploads\/2025\/11\/Frame-19-7-206x300.png 206w\" sizes=\"auto, (max-width: 513px) 100vw, 513px\" \/><\/figure>\n<\/div>\n\n\n<div class=\"wp-block-buttons is-content-justification-center is-layout-flex wp-container-core-buttons-is-layout-16018d1d wp-block-buttons-is-layout-flex\">\n<div class=\"wp-block-button has-custom-width wp-block-button__width-75\"><a class=\"wp-block-button__link has-background wp-element-button\" style=\"background-color:#bd0909\"><strong>Zarezerwuj<\/strong><\/a><\/div>\n<\/div>\n<\/div>\n\n\n\n<div class=\"wp-block-column has-small-font-size is-layout-flow wp-block-column-is-layout-flow\" style=\"padding-top:0;padding-right:0;padding-bottom:0;padding-left:0\"><div class=\"wp-block-image\">\n<figure class=\"aligncenter size-full is-resized\"><img loading=\"lazy\" decoding=\"async\" width=\"513\" height=\"746\" src=\"https:\/\/daszka.ueb.pl\/wp-content\/uploads\/2025\/11\/Frame-20-1.png\" alt=\"\" class=\"wp-image-142\" style=\"width:265px;height:auto\" srcset=\"https:\/\/daszka.ueb.pl\/wp-content\/uploads\/2025\/11\/Frame-20-1.png 513w, https:\/\/daszka.ueb.pl\/wp-content\/uploads\/2025\/11\/Frame-20-1-206x300.png 206w\" sizes=\"auto, (max-width: 513px) 100vw, 513px\" \/><\/figure>\n<\/div>\n\n\n<div class=\"wp-block-buttons is-content-justification-center is-layout-flex wp-container-core-buttons-is-layout-16018d1d wp-block-buttons-is-layout-flex\">\n<div class=\"wp-block-button has-custom-width wp-block-button__width-75\"><a class=\"wp-block-button__link has-background wp-element-button\" style=\"background-color:#bd0909\"><strong>Zarezerwuj<\/strong><\/a><\/div>\n<\/div>\n<\/div>\n\n\n\n<div class=\"wp-block-column is-layout-flow wp-block-column-is-layout-flow\"><div class=\"wp-block-image\">\n<figure class=\"aligncenter size-full is-resized\"><img loading=\"lazy\" decoding=\"async\" width=\"513\" height=\"746\" src=\"https:\/\/daszka.ueb.pl\/wp-content\/uploads\/2025\/11\/Frame-21-1.png\" alt=\"\" class=\"wp-image-141\" style=\"width:266px\" srcset=\"https:\/\/daszka.ueb.pl\/wp-content\/uploads\/2025\/11\/Frame-21-1.png 513w, https:\/\/daszka.ueb.pl\/wp-content\/uploads\/2025\/11\/Frame-21-1-206x300.png 206w\" sizes=\"auto, (max-width: 513px) 100vw, 513px\" \/><\/figure>\n<\/div>\n\n\n<div class=\"wp-block-buttons is-content-justification-center is-layout-flex wp-container-core-buttons-is-layout-93ce95d0 wp-block-buttons-is-layout-flex\" style=\"margin-top:0;margin-bottom:0\">\n<div class=\"wp-block-button has-custom-width wp-block-button__width-75\"><a class=\"wp-block-button__link has-background wp-element-button\" style=\"background-color:#bd0909\"><strong>Zarezerwuj<\/strong><\/a><\/div>\n<\/div>\n<\/div>\n<\/div>\n\n\n\n<div class=\"wp-block-columns is-layout-flex wp-container-core-columns-is-layout-9d6595d7 wp-block-columns-is-layout-flex\">\n<div class=\"wp-block-column is-layout-flow wp-block-column-is-layout-flow\"><\/div>\n\n\n\n<div class=\"wp-block-column is-layout-flow wp-block-column-is-layout-flow\"><\/div>\n\n\n\n<div class=\"wp-block-column is-layout-flow wp-block-column-is-layout-flow\"><\/div>\n<\/div>\n<\/div><\/div>\n<\/div><\/div>\n\n\n\n\n\n<p><\/p>\n","protected":false},"excerpt":{"rendered":"","protected":false},"author":1,"featured_media":0,"parent":0,"menu_order":0,"comment_status":"closed","ping_status":"closed","template":"","meta":{"_kad_post_transparent":"disable","_kad_post_title":"hide","_kad_post_layout":"default","_kad_post_sidebar_id":"","_kad_post_content_style":"unboxed","_kad_post_vertical_padding":"hide","_kad_post_feature":"hide","_kad_post_feature_position":"","_kad_post_header":false,"_kad_post_footer":false,"footnotes":""},"class_list":["post-50","page","type-page","status-publish","hentry"],"_links":{"self":[{"href":"https:\/\/daszka.ueb.pl\/index.php?rest_route=\/wp\/v2\/pages\/50","targetHints":{"allow":["GET"]}}],"collection":[{"href":"https:\/\/daszka.ueb.pl\/index.php?rest_route=\/wp\/v2\/pages"}],"about":[{"href":"https:\/\/daszka.ueb.pl\/index.php?rest_route=\/wp\/v2\/types\/page"}],"author":[{"embeddable":true,"href":"https:\/\/daszka.ueb.pl\/index.php?rest_route=\/wp\/v2\/users\/1"}],"replies":[{"embeddable":true,"href":"https:\/\/daszka.ueb.pl\/index.php?rest_route=%2Fwp%2Fv2%2Fcomments&post=50"}],"version-history":[{"count":49,"href":"https:\/\/daszka.ueb.pl\/index.php?rest_route=\/wp\/v2\/pages\/50\/revisions"}],"predecessor-version":[{"id":130,"href":"https:\/\/daszka.ueb.pl\/index.php?rest_route=\/wp\/v2\/pages\/50\/revisions\/130"}],"wp:attachment":[{"href":"https:\/\/daszka.ueb.pl\/index.php?rest_route=%2Fwp%2Fv2%2Fmedia&parent=50"}],"curies":[{"name":"wp","href":"https:\/\/api.w.org\/{rel}","templated":true}]}}